 = -15 - w. Let v(g) = -g**2 - 4*g + 2. What is v(x)?
-3
Let q(i) = 0 - 11*i**3 + 12*i**3 - 4*i**2 + 3. Let w be q(4). Suppose 0 = -0*z - w*z + 15. Let c(d) = -d**2 + 7*d - 2. Calculate c(z).
8
Suppose 8 = 4*b + 20. Let g(s) = -s**3 - 2*s**2 + s - 1. Calculate g(b).
5
Let y(u) = u**3 - 5*u**2. Let b = -31 + 45. Let z be 38/b - 6/(-21). Let d be -1 - 6/z*-3. Calculate y(d).
0
Suppose 2*h - 4 - 30 = 0. Suppose 3*o + 5*w = -8 + 3, -h = -5*o - 2*w. Let x(s) = 8*s + 6*s**2 - 5*s**2 - 7 - 2*s**2. Give x(o).
8
Let j(g) be the second derivative of g + 0 + 5*g**2 - 1/6*g**3. Give j(0).
10
Let y = 15 - 15. Let z(v) be the third derivative of v**4/24 + v**3/2 - v**2. Give z(y).
3
Let j be 2/10 - 33/15. Let f(b) = -2*b**2 - 1. Let n(y) = -8*y**2 + y - 3. Let k(g) = -9*f(g) + 2*n(g). What is k(j)?
7
Suppose -3*b = -6*b + 9. Let a(m) be the third derivative of -m**5/60 + m**3/3 - m**2. What is a(b)?
-7
Let z be ((-2)/1)/(-6) + 84/(-36). Let k(j) = 2*j**2 + 4*j + 2. Give k(z).
2
Let m(t) = -t + 24. Let c(d) = -2*d + 49. Let a(v) = 4*c(v) - 7*m(v). What is a(0)?
28
Let p = 23 - 19. Let n(t) = -t**2 + t - 5. What is n(p)?
-17
Let o(w) = -w**3 + 4*w**2 - w - 2. Suppose 4*m - m = 12. Calculate o(m).
-6
Let v(o) be the second derivative of -o**3/6 + o**2/2 + 13*o. Calculate v(8).
-7
Let i(b) = 7*b**2 - 4*b + 4*b + b**3 + 5*b - 7. Determine i(-6).
-1
Let h be (6/8)/(6/16). Let t(n) = 2*n**3 - 9*n**2 - 8*n + 4. Let i(x) = x**3 - 8*x**2 - 7*x + 3. Let b(y) = h*t(y) - 3*i(y). Give b(-5).
-1
Suppose 26 = 3*a + 2*a - 4*n, 0 = -n - 4. Let v = -4 - -6. Let h(x) = -3*x**2 + 5*x + 2*x**v - 1 - x**2 + 3*x**a. Determine h(-6).
5
Let c(t) = t**2 + t. Suppose 0*z + z + 5*f = -14, 20 = -3*z - 4*f. Let k be (8/12)/(z/(-18)). Suppose 2*v - 4 = 2*x, k*v + 3 - 2 = -4*x. Calculate c(x).
0
Let f = 20 + -16. Let q(j) = -2*j + 2. Calculate q(f).
-6
Suppose 9*t - 8*t - 9 = 0. Let h(j) = j - 7. What is h(t)?
2
Let d(b) = 5*b. Let c(k) = k + 11. Let y be c(-8). Calculate d(y).
15
Let j(z) be the third derivative of 0*z - 3*z**2 - 1/6*z**3 - 1/15*z**5 + 1/24*z**4 + 0. Determine j(1).
-4
Let o = -1 - -6. Let a(p) = -o*p - p**3 - 3*p**2 - 3 - 4*p**2 + p**2. Give a(-5).
-3
Let m(g) = -4*g - 4. Let q(f) = f**3 + 3*f**2 + f + 1. Let h be q(-2). What is m(h)?
-16
Let s(w) = -w**3 + 7*w**2 - 5*w - 4. Let y be s(6). Let c = y - -2. Let k(o) = -4*o + 1 + 1 + o. Determine k(c).
-10
Let v(a) = -a**3 - 6*a**2 - 5*a. Let n(t) = 4*t + 4. Let b be n(-3). Let o = b + 3. Calculate v(o).
0
Let x(z) = z**2 - 9*z + 5. Suppose 5*l + 7 = -2*q, -q + 4*l = -3*q - 2. What is x(q)?
5
Let b(r) = -r**3 + 4*r**2 - 2*r - 2. Suppose 4*d = 6 + 6. Suppose -2*q - d = -3*q. Give b(q).
1
Let w(n) = -5*n**2 + n. Let a be w(1). Let d = 3 + -2. Let b(g) = 0*g**2 + 4*g**2 + 1 + g**3 - g + d. Determine b(a).
6
Suppose -3*a + t + 2*t = -3, -5*a = 3*t + 19. Let n(l) be the first derivative of 2*l**3/3 + 3*l**2/2 + 1. Determine n(a).
2
Suppose f = -r - 4*f - 14, 3*f + 12 = 0. Let j(g) = -g**3 + 6*g**2 - g + 2. Give j(r).
-4
Let b(h) = 4*h + 5. Let s(a) = 6*a + 7. Let t(i) = -8*b(i) + 5*s(i). Let f = -7 - -3. Determine t(f).
3
Suppose 11 = 5*b - 4. Suppose u = b*u - 10. Let n(a) = 5*a**3 - 11*a + 8. Let h(v) = -v**3 + v**2 + v - 1. Let k(o) = 6*h(o) + n(o). Determine k(u).
2
Suppose -8*l + 9*l = 0. Let a(m) = m**3 - m**2 + m + 6. Calculate a(l).
6
Let g(q) be the third derivative of q**7/2520 + q**6/360 - q**5/120 + q**4/24 - 10*q**2. Let l(m) be the second derivative of g(m). What is l(-4)?
7
Let c(a) = -a - 2. Let h be c(0). Let u(z) = -z**3 - 2*z**2 - z + 1. Determine u(h).
3
Let g(q) = q + 6. Let w be g(-5). Let b(z) = 11*z**3 - 4*z**2 - 5*z - 1. Let k(t) = -10*t**3 + 3*t**2 + 4*t + 1. Let o(c) = -4*b(c) - 5*k(c). What is o(w)?
6
Let l be (-18)/81 + (-60)/(-27). Let u(z) be the second derivative of 1/2*z**l + 0 + 1/3*z**4 + 1/20*z**5 - 3*z - 2/3*z**3. Determine u(-5).
-4
Let u(l) = -l + 4. Let o(s) = 0 + 0*s - 13 - s. Let q be o(-10). Give u(q).
7
Let t(r) be the first derivative of -1/2*r**2 + 2 - 4/3*r**3 + 1/4*r**4 + 0*r. Give t(4).
-4
Let s(q) = q**3 + 3*q**2 + q**2 + 2 - 1. Let j(h) be the first derivative of h**4/4 + 2*h**3 + 5*h**2/2 - 4*h - 4. Let n be j(-5). Give s(n).
1
Let r(f) = -f**2 + 4 - 2 + 5*f - 1. Calculate r(5).
1
Suppose p + 4*p - 60 = 0. Let x(f) = f**3 - 11*f**2 - 11*f - 16. Determine x(p).
-4
Let l(w) = -2 - 2 - w**2 - 8*w + 2*w**2 + 16*w. Give l(-9).
5
Let w(k) = 7*k**2 + 2*k + 1. Suppose b - 2 + 3 = 0. What is w(b)?
6
Let j(f) = -2*f + 13. Let l be j(4). Suppose -l*b = -34 + 9. Let i(s) be the first derivative of s**3/3 - 2*s**2 - 1. What is i(b)?
5
Suppose 0 = -2*o + 1 + 9. Let q(z) = -z**3 + 12*z**2 + 8*z + 7. Let w(a) = a**3 - 11*a**2 - 7*a - 6. Let i(j) = -6*q(j) - 7*w(j). What is i(o)?
5
Let b(k) = 3*k**3 - 4*k**2 - 1. Let g(l) = 13*l**3 - 16*l**2 - 5. Let o(c) = -9*b(c) + 2*g(c). What is o(4)?
-1
Let i(q) be the first derivative of -q**4/2 - 2*q**3/3 + q**2 + q - 2. Let b(y) = -y + 3. Let g be b(5). Let p be i(g). Let z(w) = -w + 5. What is z(p)?
0
Let f(l) = -9*l - 5. Let j = 25 - 14. Let u(y) = 5*y + 3. Let x(p) = j*u(p) + 6*f(p). Suppose 0 = 2*o - 2*m - m + 12, 2*o = -m - 4. What is x(o)?
0
Let s(a) = a**2 - a - 9. Let l be 4*3/6 - 3. Let j be (l + 2)*(5 - 5). Determine s(j).
-9
Let c(y) be the second derivative of -y**4/12 + y**3/3 - 4*y. Determine c(3).
-3
Let v(a) = -a - 2. Let n(j) = 4*j + 7. Let g(w) = 2*n(w) + 7*v(w). Let o(l) = -l - 2. Let y be o(-4). What is g(y)?
2
Let a(u) = -2*u**2 + 3*u - 1. Let o be (1 - 4/10)/(1/5). Calculate a(o).
-10
Let g be 9/(1/(-5) + 68/40). Let p(k) be the third derivative of k**5/60 - 5*k**4/24 + k**3/2 + k**2. What is p(g)?
9
Let b(r) = -4*r. Suppose 4*f + f - 5*i + 10 = 0, 1 = -f + 2*i. Give b(f).
12
Let g(k) = -k**3 + k**2 + 8. Let b(w) = w**3 - w**2 - 9. Let y(i) = 4*b(i) + 5*g(i). Give y(3).
-14
Let o(t) = -3*t**2 + 6*t - 4. Let g(h) = -13*h**2 + 25*h - 16. Let d(z) = -2*g(z) + 9*o(z). Let f be d(4). Let l(b) = b**3 + 4*b**2 - 1. Determine l(f).
-1
Suppose 3*v - 2 - 22 = 0. Let l(p) = -v*p + p**3 + 8*p**2 - 3*p - 2*p**2 + 3*p - 5. Let r be l(-7). Let s(k) = -3*k + 2. Determine s(r).
-4
Let k(s) = -9*s + 1. Suppose 0 = 2*c + 5*i + 29, 0*i + 3*i + 7 = 4*c. Let j = c - -3. Determine k(j).
-8
Suppose 2*r - 2*v - 22 = 0, 0*v - 10 = -5*r - 4*v. Let t be 1 + (r - 3/1). Let i(y) = -y**3 + 4*y**2 - 3*y + 6. What is i(t)?
-6
Suppose 0 = 2*j - 3 + 1. Suppose p = -3*g - 17, -3*p + j = -2*g - 3. Let f(n) = n**3 + 3*n + 3. Determine f(p).
-11
Let d(b) = -b + 2. Let u(f) = -2*f + 3. Let p(w) = 7*d(w) - 6*u(w). Give p(-3).
-19
Let i(c) be the third derivative of -1/15*c**5 + 4*c**2 - 1/4*c**4 + 0 + 0*c + 7/6*c**3 + 1/120*c**6. Determine i(5).
2
Let n(k) = k**3 + 11*k**2 + 4*k. Let q(j) = j**3 + 10*j**2 + 4*j - 1. Let i(c) = -3*n(c) + 4*q(c). Let b(h) = -h**2 + 6*h + 49. Let w be b(-5). What is i(w)?
8
Let j(g) = -11 + 6*g - 2*g - g + 9. Calculate j(-3).
-11
Let h = -5 + 4. Let j(n) = n**2 - 1. Let x(f) be the second derivative of f**4 - f**3/2 - 9*f**2/2 + f. Let v(w) = h*x(w) + 9*j(w). What is v(2)?
-6
Let o(t) = -2*t**2 + 5*t - 17. Let f(w) = w**2 - 3*w + 8. Let x(q) = -5*f(q) - 2*o(q). Let j(u) = -u - 9. Let l be j(-9). Suppose 3*v + 2*v - 20 = l. Give x(v).
-2
Let c(i) = 5*i**2 + 3*i. Let j(y) = -2*y**2 - y. Let p(l) = -3*c(l) - 7*j(l). Let q = -5 - -3. Determine p(q).
0
Let b = -13 - -7. Let x(y) = -4*y**2 - 24*y - 5. Suppose 3*i - 16 = -i, 28 = 4*l + 5*i. Let g(u) = u**2 + 6*u + 1. Let d(q) = l*x(q) + 9*g(q). What is d(b)?
-1
Suppose 4*w - 20 = 4*b, b + 11 + 1 = 2*w. Suppose -3 - w = n + 4*i, -i = n + 1. Let a(h) = h**2 + 0*h**2 - 2*h**n + 5*h. Determine a(6).
-6
Let u(s) = 6*s**2 + 7*s - 8. Let h(x) = -7*x**2 - 8*x + 9. Let a(i) = 5*h(i) + 6*u(i). Let w be (-1)/(0 - 1) + 5. Let b be w/(-15) + (-23)/5. Give a(b).
12
Let x = -7 + 8. Let c(o) = o - 1. Let g(v) = -2 + 8*v - 5 + 2. Let r(j) = x*g(j) - 6*c(j). What is r(-3)?
-5
Suppose -11 = 4*r + 9, 4*s = -r + 3. Suppose -f = s*f. Let c(n) = n + 2. Determine c(f).
2
Let x(i) be the first derivative of -i**4/4 + 5*i**3/3 + i**2 - 6. Determine x(5).
10
Let x be (-2 - (-18)/4)*2. Let z(u) = 0 + u + 9 - 3 + 1. Let o(a) = 3*a + 22. Let r(l) = 2*o(l) - 7*z(l). Give r(x).
-10
Let q be 2*((-30)/40 + (-5)/(-4)). Let h(w)